{"id":19,"date":"2017-01-26T21:38:24","date_gmt":"2017-01-26T21:38:24","guid":{"rendered":"https:\/\/www.clarisseguichard.com\/?page_id=19"},"modified":"2024-10-30T14:34:37","modified_gmt":"2024-10-30T14:34:37","slug":"a-propos","status":"publish","type":"page","link":"https:\/\/www.clarisseguichard.com\/","title":{"rendered":"the ballad of lucy jordan"},"content":{"rendered":"<p align=\"JUSTIFY\"><span style=\"font-family: Georgia, serif;\"><span style=\"font-size: medium;\">N\u00e9e en France en 1986, Clarisse se forme en cin\u00e9ma, photographie et art contemporain entre Paris et Rome, puis en montage audiovisuel \u00e0 Lyon.<br \/>\n<\/span><\/span><\/p>\n<p align=\"JUSTIFY\"><span style=\"font-family: Georgia, serif;\"><span style=\"font-size: medium;\">Souvent inspir\u00e9e par la photographie documentaire et le cin\u00e9ma, son travail s\u2019articule autour de la repr\u00e9sentation narrative fictionnelle et documentaire, \u00e0 la recherche d\u2019un r\u00e9alisme po\u00e9tique. <\/span><\/span><\/p>\n<p><span style=\"font-family: Georgia, serif;\"><span style=\"font-size: medium;\">Ses sujets peuvent varier, de la repr\u00e9sentation de l&rsquo;\u00eele-de-france (<i>Archipels<\/i>) \u00e0 un essai sur l&rsquo;amour ou encore sur les repr\u00e9sentation des d\u00e9sirs et des sexualit\u00e9s (<i>Sea inside me<\/i>, <i>des journ\u00e9es enti\u00e8res, ton bananier, l&rsquo;hu\u00eetre et mon dessin<\/i>), tout comme les supports qu&rsquo;elle utilise (livres, journaux, vid\u00e9os, installations), mais c&rsquo;est toujours sur le montage et l&rsquo;assemblage des images que se d\u00e9veloppe sa recherche, qu&rsquo;elle manipule les images fixe ou en mouvement. <\/span><\/span><\/p>\n<p><span style=\"font-family: Georgia, serif;\"><span style=\"font-size: medium;\">Vid\u00e9aste, photographe et monteuse, je peux r\u00e9pondre \u00e0 vos commandes en captation, communication, prise de vue et post-production.<\/span><\/span><\/p>\n<p align=\"justify\"><del>\u00a0\u00a0\u00a0\u00a0\u00a0\u00a0\u00a0\u00a0\u00a0\u00a0\u00a0\u00a0\u00a0\u00a0\u00a0\u00a0\u00a0\u00a0\u00a0\u00a0\u00a0\u00a0\u00a0\u00a0\u00a0\u00a0\u00a0\u00a0\u00a0\u00a0\u00a0\u00a0\u00a0\u00a0\u00a0\u00a0\u00a0\u00a0\u00a0\u00a0\u00a0\u00a0\u00a0\u00a0\u00a0\u00a0\u00a0\u00a0\u00a0\u00a0\u00a0\u00a0\u00a0\u00a0\u00a0\u00a0\u00a0\u00a0\u00a0\u00a0\u00a0\u00a0\u00a0\u00a0\u00a0\u00a0\u00a0\u00a0\u00a0\u00a0\u00a0\u00a0\u00a0\u00a0\u00a0\u00a0\u00a0\u00a0\u00a0\u00a0\u00a0\u00a0\u00a0\u00a0\u00a0\u00a0\u00a0\u00a0\u00a0\u00a0\u00a0\u00a0\u00a0\u00a0\u00a0\u00a0\u00a0\u00a0\u00a0\u00a0\u00a0\u00a0\u00a0\u00a0\u00a0\u00a0\u00a0\u00a0\u00a0\u00a0\u00a0\u00a0\u00a0\u00a0\u00a0\u00a0\u00a0\u00a0\u00a0\u00a0\u00a0\u00a0\u00a0\u00a0\u00a0\u00a0\u00a0\u00a0\u00a0\u00a0\u00a0\u00a0\u00a0\u00a0\u00a0\u00a0\u00a0\u00a0\u00a0\u00a0\u00a0\u00a0\u00a0\u00a0\u00a0\u00a0\u00a0\u00a0\u00a0\u00a0\u00a0\u00a0\u00a0\u00a0\u00a0\u00a0\u00a0\u00a0\u00a0\u00a0\u00a0\u00a0\u00a0\u00a0\u00a0\u00a0\u00a0\u00a0\u00a0 <\/del><\/p>\n<p align=\"justify\">Expositions<\/p>\n<p align=\"justify\">Novembre 2021 : exposition collective et performance avec l&rsquo;Atelier Insolent et\u00a0 les artistes de \u00ab\u00a0La Maison d&rsquo;en face\u00a0\u00bb \u00e0 H\u00f4phopop (Besan\u00e7on)<\/p>\n<p align=\"justify\">Ao\u00fbt 2020 : exposition collective de fin de r\u00e9sidence \u00ab\u00a0La Maison d&rsquo;en face #2\u00a0\u00bb (Montb\u00e9liard)<\/p>\n<p align=\"justify\">Mars 2020 : projection de \u00ab\u00a0Le 4 avril 2019\u00a0\u00bb pour \u00ab\u00a0Voyage Voyage #2\u00a0\u00bb \u00e0 L&rsquo;Annexe (Paris 20e)<\/p>\n<p align=\"justify\">Janvier 2020 : projection de \u00ab\u00a0Le 4 avril 2019\u00a0\u00bb \u00e0 Bribes exp\u00e9rimentales #2 \u00ab\u00a0empreintes corrobor\u00e9es\u00a0\u00bb (Saint-Denis)<\/p>\n<p align=\"justify\">Ao\u00fbt 2019 : exposition collective de fin de r\u00e9sidence \u00e0 \u00ab\u00a0La maison d&rsquo;en face #1\u00a0\u00bb (Montb\u00e9liard)<\/p>\n<p align=\"justify\">Octobre 2018 : Nuit Blanche 2019, <em>Un mur d&rsquo;images<\/em>, exposition collective avec Diaph 8 (Paris 19e)<\/p>\n<p align=\"justify\">Octobre 2017 : <em>E4 &#8211; Eastreet &#8211; Photography of Eastern Europe<\/em>, exposition collective (Pologne)<\/p>\n<p align=\"justify\">Septembre 2016 : <em>Infiniment Humain<\/em>, exposition collective \u00e0 La Maison Doisneau de la Photographie (Gentilly)<\/p>\n<p align=\"justify\">Juillet 2016 : <em>(S)\u2019<\/em>, exposition collective \u00e0 La Parole Errante (Montreuil)<\/p>\n<p align=\"justify\">Juin 2016 : exposition en partenariat avec le Mus\u00e9e Albert Kahn, la M\u00e9diath\u00e8que du Trap\u00e8ze, l\u2019\u00e9cole Cast\u00e9ja et la Mairie de Boulogne-Billancourt.<\/p>\n<p align=\"justify\">Avril 2016 : <em>(S)<\/em>, exposition collective \u00e0 Mains d\u2019oeuvres (Saint Ouen)<\/p>\n<p align=\"justify\">Mai-juin 2014 : <em>Interstices<\/em>, exposition collective \u00e0 la gallerie Plateforme (Paris 20\u00e8me)<\/p>\n<p align=\"justify\">Juin 2013 : exposition avec l\u2019association Alternatives (Paris 15\u00e8me)<\/p>\n<p align=\"justify\">Juin 2011 : <em>Work in progress<\/em>, exposition collective \u00e0 la Scuola Romana di fotografia (Rome)<\/p>\n","protected":false},"excerpt":{"rendered":"<p>N\u00e9e en France en 1986, Clarisse se forme en cin\u00e9ma, photographie et art contemporain entre Paris et Rome, puis en montage audiovisuel \u00e0 Lyon. Souvent inspir\u00e9e par la photographie documentaire et le cin\u00e9ma, son travail s\u2019articule autour de la repr\u00e9sentation narrative fictionnelle et documentaire, \u00e0 la recherche d\u2019un r\u00e9alisme po\u00e9tique. Ses sujets peuvent varier, de &hellip; <\/p>\n<p class=\"link-more\"><a href=\"https:\/\/www.clarisseguichard.com\/\" class=\"more-link\">Continuer la lecture<span class=\"screen-reader-text\"> de &laquo;&nbsp;the ballad of lucy jordan&nbsp;&raquo;<\/span><\/a><\/p>\n","protected":false},"author":1,"featured_media":0,"parent":0,"menu_order":0,"comment_status":"closed","ping_status":"closed","template":"","meta":{"footnotes":""},"class_list":["post-19","page","type-page","status-publish","hentry"],"jetpack_sharing_enabled":true,"_links":{"self":[{"href":"https:\/\/www.clarisseguichard.com\/index.php?rest_route=\/wp\/v2\/pages\/19","targetHints":{"allow":["GET"]}}],"collection":[{"href":"https:\/\/www.clarisseguichard.com\/index.php?rest_route=\/wp\/v2\/pages"}],"about":[{"href":"https:\/\/www.clarisseguichard.com\/index.php?rest_route=\/wp\/v2\/types\/page"}],"author":[{"embeddable":true,"href":"https:\/\/www.clarisseguichard.com\/index.php?rest_route=\/wp\/v2\/users\/1"}],"replies":[{"embeddable":true,"href":"https:\/\/www.clarisseguichard.com\/index.php?rest_route=%2Fwp%2Fv2%2Fcomments&post=19"}],"version-history":[{"count":16,"href":"https:\/\/www.clarisseguichard.com\/index.php?rest_route=\/wp\/v2\/pages\/19\/revisions"}],"predecessor-version":[{"id":733,"href":"https:\/\/www.clarisseguichard.com\/index.php?rest_route=\/wp\/v2\/pages\/19\/revisions\/733"}],"wp:attachment":[{"href":"https:\/\/www.clarisseguichard.com\/index.php?rest_route=%2Fwp%2Fv2%2Fmedia&parent=19"}],"curies":[{"name":"wp","href":"https:\/\/api.w.org\/{rel}","templated":true}]}}

<p align="JUSTIFY"><span style="font-family: Georgia, serif;"><span style="font-size: medium;">Née en France en 1986, Clarisse se forme en cinéma, photographie et art contemporain entre Paris et Rome, puis en montage audiovisuel à Lyon.<br />
</span></span></p>
<p align="JUSTIFY"><span style="font-family: Georgia, serif;"><span style="font-size: medium;">Souvent inspirée par la photographie documentaire et le cinéma, son travail s’articule autour de la représentation narrative fictionnelle et documentaire, à la recherche d’un réalisme poétique. </span></span></p>
<p><span style="font-family: Georgia, serif;"><span style="font-size: medium;">Ses sujets peuvent varier, de la représentation de l&rsquo;île-de-france (<i>Archipels</i>) à un essai sur l&rsquo;amour ou encore sur les représentation des désirs et des sexualités (<i>Sea inside me</i>, <i>des journées entières, ton bananier, l&rsquo;huître et mon dessin</i>), tout comme les supports qu&rsquo;elle utilise (livres, journaux, vidéos, installations), mais c&rsquo;est toujours sur le montage et l&rsquo;assemblage des images que se développe sa recherche, qu&rsquo;elle manipule les images fixe ou en mouvement. </span></span></p>
<p><span style="font-family: Georgia, serif;"><span style="font-size: medium;">Vidéaste, photographe et monteuse, je peux répondre à vos commandes en captation, communication, prise de vue et post-production.</span></span></p>
<p align="justify"><del>                                                                                                                                                                          </del></p>
<p align="justify">Expositions</p>
<p align="justify">Novembre 2021 : exposition collective et performance avec l&rsquo;Atelier Insolent et  les artistes de « La Maison d&rsquo;en face » à Hôphopop (Besançon)</p>
<p align="justify">Août 2020 : exposition collective de fin de résidence « La Maison d&rsquo;en face #2 » (Montbéliard)</p>
<p align="justify">Mars 2020 : projection de « Le 4 avril 2019 » pour « Voyage Voyage #2 » à L&rsquo;Annexe (Paris 20e)</p>
<p align="justify">Janvier 2020 : projection de « Le 4 avril 2019 » à Bribes expérimentales #2 « empreintes corroborées » (Saint-Denis)</p>
<p align="justify">Août 2019 : exposition collective de fin de résidence à « La maison d&rsquo;en face #1 » (Montbéliard)</p>
<p align="justify">Octobre 2018 : Nuit Blanche 2019, <em>Un mur d&rsquo;images</em>, exposition collective avec Diaph 8 (Paris 19e)</p>
<p align="justify">Octobre 2017 : <em>E4 &#8211; Eastreet &#8211; Photography of Eastern Europe</em>, exposition collective (Pologne)</p>
<p align="justify">Septembre 2016 : <em>Infiniment Humain</em>, exposition collective à La Maison Doisneau de la Photographie (Gentilly)</p>
<p align="justify">Juillet 2016 : <em>(S)’</em>, exposition collective à La Parole Errante (Montreuil)</p>
<p align="justify">Juin 2016 : exposition en partenariat avec le Musée Albert Kahn, la Médiathèque du Trapèze, l’école Castéja et la Mairie de Boulogne-Billancourt.</p>
<p align="justify">Avril 2016 : <em>(S)</em>, exposition collective à Mains d’oeuvres (Saint Ouen)</p>
<p align="justify">Mai-juin 2014 : <em>Interstices</em>, exposition collective à la gallerie Plateforme (Paris 20ème)</p>
<p align="justify">Juin 2013 : exposition avec l’association Alternatives (Paris 15ème)</p>
<p align="justify">Juin 2011 : <em>Work in progress</em>, exposition collective à la Scuola Romana di fotografia (Rome)</p>

<p>Née en France en 1986, Clarisse se forme en cinéma, photographie et art contemporain entre Paris et Rome, puis en montage audiovisuel à Lyon. Souvent inspirée par la photographie documentaire et le cinéma, son travail s’articule autour de la représentation narrative fictionnelle et documentaire, à la recherche d’un réalisme poétique. Ses sujets peuvent varier, de &hellip; </p>
<p class="link-more"><a href="https://www.clarisseguichard.com/" class="more-link">Continuer la lecture<span class="screen-reader-text"> de &laquo;&nbsp;the ballad of lucy jordan&nbsp;&raquo;</span></a></p>
